 3*p + 13*p - 4 - p + 2*p**2 - 13*p. Suppose -5 = 2*t + 1. Determine l(t).
8
Let g = -14 + 14. Let k(n) = -8 + 0*n - 2*n**2 + 2*n - 3*n + 3*n**2. Calculate k(g).
-8
Let w = -203 - -206. Let n(m) be the third derivative of 0*m + 5/6*m**3 + 0 + m**2 - 1/24*m**4. Calculate n(w).
2
Let t(n) = -5*n**3 + 9*n**2 + 4*n - 1. Let h(k) = -k - 9. Let r be h(-5). Let d(o) = 6*o**3 - 10*o**2 - 5*o + 1. Let i(s) = r*d(s) - 5*t(s). What is i(5)?
1
Let o(a) = -6*a**3 + 9*a**2 + a + 1. Let d(t) = 7*t**3 - 10*t**2 - 1. Let r(l) = -5*d(l) - 6*o(l). Determine r(5).
-6
Let l(t) = -t - 12. Let f(r) = -r - 13. Let v(w) = 4*f(w) - 5*l(w). What is v(-10)?
-2
Suppose -4*d - 3*b + 8 = -b, -5*d = -b - 24. Let z(v) = -v**3 + 3*v**2 + 3*v - 6. Calculate z(d).
-10
Suppose -2*i - i + 5 = -2*o, -i = o - 5. Let x(p) be the second derivative of -p**3/6 - p**2/2 + 2*p. What is x(i)?
-4
Let v be 54/(-36)*(-4)/(-3). Let j(s) = 2*s**3 + s**2 - 3*s - 1. Give j(v).
-7
Let c(o) = o**3 - 2*o**2 - 4*o - 1. Let n = -16 + 22. Suppose n*k - 3*k = y - 20, -2*y - 15 = 5*k. Suppose 2*z - 1 - y = 0. Determine c(z).
-4
Let y(w) be the second derivative of -w**3/3 + w**2 + w. Let z(g) = -2*g + 3. Let x(m) = 5*y(m) - 4*z(m). Let l = -19 + 21. Determine x(l).
-6
Let n(w) = w**3 - w - 17. Let c be (0/(-2))/(-12 + 10). What is n(c)?
-17
Let r be (1 + 0)*-1 - 3. Let l(k) be the second derivative of 13*k - 1/6*k**3 + 0 - 2*k**2. Give l(r).
0
Let b(t) = t**2 - 8*t. Let n = -1 + -1. Let x(a) be the second derivative of -a**3/6 - a**2/2 - 2*a. Let z(q) = n*x(q) + b(q). Calculate z(4).
-6
Suppose 0 = -5*k + 5*h + 45, k - 4*h - 4 = 5*k. Let f(b) = b**2 + 4*b - 8. Let s be f(-6). Let m(n) = -n - 5 - n + s*n. Give m(k).
3
Let w(z) = z**2 - z + 2. Let h(x) = 5*x - 37. Let q be h(7). Calculate w(q).
8
Let r be (-12)/8 + 3/(-6). Suppose 0 = -5*o + 6 + 4. Let i(x) = -2*x**2 - 4*x - x**o - 2 + 0*x**2. Give i(r).
-6
Let y = -9 - -5. Let w(g) = -4*g**3 - 4*g**2 - 3*g - 4. Let m = -30 + 27. Let d(b) = 5*b**3 + 4*b**2 + 3*b + 5. Let v(l) = m*d(l) + y*w(l). Determine v(-3).
1
Let g(n) be the first derivative of 5*n**2/2 + 4*n - 16. Calculate g(-3).
-11
Let j = 2 - 10. Let x(p) = -p - 10. Give x(j).
-2
Let g be 3 + 51/(-18) + 0. Let k(p) be the third derivative of 1/24*p**4 - g*p**3 - 1/60*p**5 + 0 + 0*p - p**2. Give k(0).
-1
Suppose 0 = 12*g - 5*g + 7. Let w(x) = -x**2 + x + 1. Calculate w(g).
-1
Suppose -2*w = -3*z - 4, -w + 1 = z - 1. Let i(t) = -6 + t**w + 2 - 1 + 0*t + 3*t. What is i(-4)?
-1
Let l be -1 + 2*(-2 + 4). Suppose 4*a = 2*z + 25 + 1, 0 = 2*z + 6. Let t(c) = 2 - c - a + 0*c. What is t(l)?
-6
Let f(g) = g**3 + 9*g**2 - 10*g - 6. Let l(v) = -v**3 - 8*v**2 + 9*v + 6. Let p(h) = -4*f(h) - 5*l(h). Let w(o) = o + 1. Let a be w(-6). Determine p(a).
-6
Suppose 0 = 4*t - 5 - 3. Let r be 2 - (1 + -2)*2. Let f(p) = -t*p - 3 - 3*p + r*p. What is f(-2)?
-1
Let d(y) = -3*y + 52. Let h be d(19). Let j(v) = v + 8. Determine j(h).
3
Let r(z) be the first derivative of z**4/4 - 10*z**3/3 - z**2/2 + 6*z + 30. What is r(10)?
-4
Let q(m) = m + 10. Suppose 2*j = -6, -3*p = -2*j + 8 - 2. Let i be (-171)/33 + p/(-22). Determine q(i).
5
Let n(k) = k**3 + 3*k**2 - 4*k. Suppose 3*p = 2*s + 4, -4*p - s + 8 = -3*p. Suppose a = -u - 0 - p, 0 = 5*a. What is n(u)?
0
Suppose 5*v = 2*v - 12, -4*v = 3*p + 7. Let s(d) be the first derivative of -1 - 2*d**p - 3*d**2 - 2*d - 1/4*d**4. Give s(-4).
-10
Suppose 8*z - 4*z - 20 = 0. Suppose 0 = -z*v + 3*a - 3, -v - 3*a = 2*a - 5. Let d(k) = -k - 3. Determine d(v).
-3
Suppose 0 = -2*j - 4*n + 22, -15 = 3*j + 2*j - 4*n. Suppose -2*x = -5 + j. Let c(z) = x*z - 1 + 7*z**3 - 4 + 4 + 0*z. Determine c(1).
8
Let c = -49 - -50. Let b(p) = 7*p**2. Determine b(c).
7
Let a = 50 - 43. Let b(s) = -s**3 + 7*s**2 + s - 3. Determine b(a).
4
Let z(w) = w**2 - 5*w - 8. Let n(a) = 2*a**2 - 2. Let x be n(2). Determine z(x).
-2
Let o(k) = 49 - 95 + 44 - k. Determine o(-7).
5
Let h(o) = 3*o**3 - o**2. Let r be h(1). Let u(t) be the second derivative of -3/2*t**2 - r*t + 0 - 1/2*t**3. Calculate u(-4).
9
Suppose -3*v - 22 = 2*p, -p = 3*p + 5*v + 40. Let y(s) = s**3 - 4*s**2 - s - 4. Let r(z) = 2*z**3 - 4*z**2 - 2*z - 5. Let i(f) = -2*r(f) + 3*y(f). What is i(p)?
18
Let l(t) = t**2 - 4*t - 4. Suppose 5*h = -5*c + 35, -33 = 2*h - 7*h - 4*c. Determine l(h).
1
Suppose -5*a = -2*a + 21. Let c(l) = l**2 + 7*l + 1. Calculate c(a).
1
Let d(y) be the second derivative of y**3/2 - y**2 - 9*y. Suppose -u = -5 - 1. Suppose -5*x + u = -14. Give d(x).
10
Let t(i) = -7 - 10 - i + 18 - 2*i**2. Calculate t(1).
-2
Suppose -2*m + 12 = 4. Let v(j) = 5 + 6 - 13 + 4 + j. Give v(m).
6
Let x be 0/(4 - 2) + 6. Let q(b) = -5*b**3 - 21*b**2 + 10*b - 7. Let h(y) = 2*y**3 + 7*y**2 - 3*y + 2. Let j(d) = -8*h(d) - 3*q(d). Give j(x).
5
Let t(c) be the second derivative of 0 + c + 5/6*c**3 + 7/2*c**2 - 1/12*c**4. Give t(5).
7
Let a(w) be the third derivative of -1/8*w**4 + 1/60*w**5 + 0*w - 1/3*w**3 + 0 - 2*w**2. Determine a(5).
8
Let g(l) = -l**2 - 4*l + 1. Let o(t) = t**3 - 8*t**2 + 2*t - 12. Let p be o(8). Suppose -p*v - m = -39 + 14, -5 = -v + m. Let w = v + -10. What is g(w)?
1
Let z(r) = -r + 3. Let o be 3/((-6)/14) + 4. Give z(o).
6
Let v(s) = -s + 1. Let o be v(-2). Suppose -5*b - 22 - o = 0. Let k(i) = -i - 7. Let l be k(b). Let t(n) = 2*n - 1. Give t(l).
-5
Let b(k) = k**3 - 2*k**2 - k + 3. Let u be b(2). Let c(p) = -7*p + p - p. What is c(u)?
-7
Let c(n) = 3*n**3 + 3*n**2 - 1. Let y(h) = -h**2 + 3*h + 2. Let d be y(-1). Determine c(d).
-13
Let p(t) = -t**2 - 8*t - 4. Let g = -79 + 71. Calculate p(g).
-4
Suppose 8 = -4*b, -4*x = -6*x + 3*b. Let o(q) be the first derivative of -5*q**2/2 - 1. Let j(w) = 6*w - 1. Let t(u) = 2*j(u) + 3*o(u). Give t(x).
7
Let r = 7 - 9. Let k(a) = a**3 + 7*a**2 - 2*a - 9. Let j(h) = -h**2 + h + 1. Let f(c) = r*j(c) - k(c). Calculate f(-5).
7
Let w(g) = g**2 - 6*g + 2. Let x be w(4). Let s = -11 - x. Let b(r) be the first derivative of -r**4/4 - 5*r**3/3 - r**2/2 + r + 52. What is b(s)?
6
Let m(r) = r + 1. Suppose -15*l - 9 = -18*l. What is m(l)?
4
Suppose c - 6 = -0. Let g(o) = 5*o - 6*o**2 + o**2 + 4*o**2 - c. Give g(5).
-6
Let l be 2*2/(-20) - 16/(-5). Let x(s) be the second derivative of 1/6*s**3 + 0 + 1/20*s**5 - s - 1/6*s**4 - 3/2*s**2. What is x(l)?
9
Let k(w) = -5*w**2 + 9*w + 3. Let b(c) = 11*c**2 - 19*c - 7. Let x(h) = -6*b(h) - 13*k(h). Let o be (-8)/((-2)/(4 + -5)). Calculate x(o).
-1
Suppose p + 0 = 1, -2*q - 5*p + 11 = 0. Let b(a) = 2*a - a**2 + 0*a - 2*a + a**q - 1 - a. Suppose -2*r = 4*m - 6*r + 12, 0 = 4*m + 5*r - 33. Give b(m).
1
Let x(l) = -l. Let o(d) = -7*d - 1 + 7*d - d. Let n(q) = -o(q) + 3*x(q). Let h = -1 - 1. Determine n(h).
5
Let j(p) = 12*p**3 + p**2 - 6*p - 6. Let q(t) = -t**3 + t + 1. Let v(k) = -j(k) - 5*q(k). Suppose 3*n = -0 - 3. Give v(n).
6
Let q(f) = -50*f**2 + f**3 + f + 53*f**2 + 0*f**3 - 2. Calculate q(-2).
0
Let t(z) = -z**2 - 9*z + 3. Let r be t(-10). Let w(k) = -k**3 - 6*k**2 + 7*k - 4. What is w(r)?
-4
Let h(t) be the third derivative of 0 + 1/3*t**3 + 0*t + t**2 + 1/6*t**4 - 1/60*t**5. What is h(5)?
-3
Suppose 18 = 4*j - 2. Let q(d) be the first derivative of -d**4/4 + 2*d**3 - 3*d**2/2 - 5*d + 34. What is q(j)?
5
Let j(l) be the first derivative of -l**3/3 + 3*l**2 + 2. Let n be j(5). Let b(d) = -d**2 + 2*d**2 + 2*d + n - 6. Give b(2).
7
Let n be (-42)/(-10) + 4/(-20). Let c = n - 2. Let d(f) = -5*f**c + 4 + f - 2*f + f**3 + f - 2*f. Give d(5).
-6
Suppose -q - 2*q - 6 = 0. Let n(l) = -5*l - 2. Let k(s) = -s**2 + 11*s + 4. Let r(a) = -2*k(a) - 5*n(a). What is r(q)?
4
Suppose 0 = -2*v - 2*q, 5*v - 2*q + 5 = -9. Let w be (v + (-27)/(-6))*-2. Let h be (-8)/w*5/2. Let u(k) = k**3 - 3*k**2 - 6*k + 6. Give u(h).
-2
Let f(o) be the third derivative of o**6/120 - o**5/12 + o**4/12 - o**3/2 - 3*o**2. Calculate f(5).
7
Let p = 4 + 0. Let k(i) be the first derivative of i**3/3 - i**2/2 - 5*i - 31. What is k(p)?
7
Let b(o) = o**2 - 6*o + 4. Suppose 0 = -0*n + n + 6. Suppose 0*f + 2*f - 20 = 0. Let s = n + f. What is b(s)?
-4
Suppose 5*y + 9 = 4*m - 2, 0 = y + 5*m + 8. Let k(j) = 3*j**3 - 3*j**2 - j + 9. Let t(v) = v**3 - 2*v**2 - v + 4. Let l(h) = -2*k(h) + 5*t(h). Calculate l(y).
2
Let x(b) be the second derivative of -2*b**5/5 + b**3/6 + 15*b. Give x(-1).
7
Let h(z) = z + 2. Let